*f + 2. Let a be 4 + 0 + -2 + 1. Determine g(a).
2
Suppose 27 = 4*u + 3. Let l(z) = 1 + z**3 + 9 - 8*z - 5*z**2 - 4. What is l(u)?
-6
Suppose -3*y - y - 21 = 3*d, -4*y - 15 = d. Let v(w) be the second derivative of -w**4/12 - w**3/2 + w. Calculate v(d).
0
Let y = 0 - -7. Let c(w) = -4*w + 0 + y*w + 9 - 2*w. Give c(-5).
4
Let z = 5 + -5. Let o(q) = q**3 + q**2 + q + 8. Calculate o(z).
8
Let z(i) = -i**2 + i - 1. Let c(d) = 5*d**2 - 13*d + 12. Let k(r) = -c(r) - 6*z(r). Let x(o) = -4*o + 1. Let y be x(2). Calculate k(y).
-6
Let u(k) = k + 3. Let h = 15 - 12. Let q be 2/(-6)*-4*h. Give u(q).
7
Let m(x) = -8 - x + x**3 + 8 - 2*x - 3 + 2*x**2. Calculate m(-3).
-3
Let x(n) = -5*n**3 + n**2 + 9*n - 13. Let k be -1 + (-5 - (-3 - -1)). Let t(a) = 3*a**3 - a**2 - 5*a + 7. Let o(c) = k*x(c) - 7*t(c). Calculate o(3).
0
Let i(b) = 2*b**2 + 5*b + 3. Suppose 5*k - 3*u + 30 = 0, -3*k + 11 = 2*u + 2*u. Determine i(k).
6
Let x(p) = -p**2 - 2*p + 1. Let h = -17 - -15. Determine x(h).
1
Let w be 0 + 1 + -1 + 6. Let m(x) = 8 + 0 - w + 6*x + x**2. Give m(-4).
-6
Let r(a) = -4*a. Suppose 5*h - 15 = 5*z, -3*z - h + 2*h = -1. What is r(z)?
-8
Let y(o) = -5*o + 5. Let z(x) = 4*x - 5. Let h(l) = 3*y(l) + 4*z(l). Give h(8).
3
Let y = 7 + -5. Let c(i) = -3*i + 2. Let g be c(y). Let f(w) = 0*w + w - 2*w. What is f(g)?
4
Let r be ((-32)/(-48))/((-2)/21). Let i(z) = -z**3 - 7*z**2 + 2. Calculate i(r).
2
Let g(z) = 93*z**2 + 99*z**2 - 183*z**2 + z. Determine g(1).
10
Suppose 4*c + c = -20, x + 1 = -c. Suppose 3*w + 30 = -x*l, 0*l = -2*l - 4*w - 30. Let v(a) = a**3 - a + 0*a**3 + 10*a**2 - 5*a**2. What is v(l)?
5
Let i = -8 - -10. Let d(c) = -3*c + 0*c - 4*c - i + 5*c. Calculate d(4).
-10
Let c(b) be the first derivative of b**3/3 + b**2/2 - 4*b + 20. What is c(-4)?
8
Let k(v) = 2*v**2 + 4*v. Let c be k(-3). Let b(d) = -2*d - c - 2 + 2. Suppose -3*p - 10 = 4*u, 4*u + 2*p = 2*u - 4. What is b(u)?
2
Suppose 5*x - 2 = 4*x. Suppose 3*a = -2*t - a + x, 2*t = 4*a + 10. Let i(r) = -25*r + 20. Let g(s) = -5*s + 4. Let j(w) = 11*g(w) - 2*i(w). Give j(t).
-11
Suppose -5*j + 10*j = -10. Let p be 1 + 3 + j - 0. Suppose -y = -1 - p. Let a(x) = -x - 1. What is a(y)?
-4
Let b(a) = 4*a - 5 + 5 - a. What is b(-5)?
-15
Let t(d) = 2*d + 2. Suppose -3*s - 3*a - 15 = 0, 4*s + 10 = -4*a + 5*a. Give t(s).
-4
Let q(d) be the first derivative of -d**3/3 + 5*d**2/2 + 5*d + 4. Let i be (2/3)/(6/45). Give q(i).
5
Let b = 6 + -4. Let r(y) be the first derivative of 3 + 4*y**2 - 5*y**2 + y - y**b. Give r(-1).
5
Let o(g) = 24*g + 7. Let c(l) = -10*l - 3. Let k(v) = -5*c(v) - 2*o(v). Let r = 4 - 2. Determine k(r).
5
Let f(h) = -1 + 2 + 5 - 6*h - 1. Let p(d) = d - 1. Let o(w) = -f(w) - 5*p(w). Let q(j) = j**3 - j**2 + j + 5. Let k be q(0). What is o(k)?
5
Let f(r) = r**2 - 7*r + 6. Suppose -3*v - 2*y + 10 = 0, -2*y + 8 = 3*v + 2*y. Give f(v).
-6
Let w(l) be the third derivative of 5*l**4/24 + l**3/2 + 6*l**2. Suppose -3*j = z + 8 - 3, 4 = -4*j - 2*z. Give w(j).
-12
Let j(v) = -v**2 + 2*v + 1. Suppose 5*b + 5 = -20. Let g(q) = q + 4. Let t be g(b). What is j(t)?
-2
Let a(t) = t - 7. Let b(s) = s - 6. Let d(m) = 4*a(m) - 5*b(m). Let x(n) = -18*n. Let g be x(1). Let p = g + 22. Determine d(p).
-2
Let m be 0 + (-3)/3 + 0. Let d(f) = 4*f**3 + 2*f**2 + f. Determine d(m).
-3
Let t(b) = -b**3 - 4*b**2 + 2. Let a be t(-4). Let h(s) be the second derivative of 0 - 1/12*s**4 + a*s + 2*s**2 - 5/6*s**3. Calculate h(-5).
4
Let r(l) = 2*l**3 + 4*l - 3. Let d(c) = -c**3. Let u(z) = -4*d(z) - r(z). Let y be 6/(1 - -2) + 0. Calculate u(y).
11
Let c be (294/12)/7 + 1*-1. Let w(t) be the first derivative of 0*t - c*t**2 + 1. Give w(1).
-5
Let p be (1 + -2)/(2/12). Let w be p/(-9) - (-24)/(-9). Let o(l) = 3*l**2 + 3*l. Give o(w).
6
Let g(i) be the third derivative of i**6/180 + i**5/120 - i**4/12 + 3*i**2. Let m(l) be the second derivative of g(l). Give m(-1).
-3
Let n(g) be the third derivative of 0*g + 0*g**5 + 0 + 0*g**4 + 0*g**3 + 1/10*g**6 + 8*g**2. Give n(-1).
-12
Let t(f) = f. Suppose -3*y - 11 + 2 = 0. Let w = y + 9. Suppose 0*d + w = 2*a + 4*d, d = -5*a - 21. Determine t(a).
-5
Let r(j) = -j**2 + 2*j - 8. Let b(i) = -i. Let y(u) = -6*b(u) - r(u). Calculate y(-6).
20
Let c = -15 - -26. Let r = c + -17. Let f = -10 - r. Let b(a) = -a + 2. Give b(f).
6
Let r(z) = 0*z - 5*z**2 + 0*z - z. Suppose 0 = 15*h - 10*h + 5. Determine r(h).
-4
Let h = 4 + -3. Let p(m) be the third derivative of -7*m**6/60 - m**5/60 + 21*m**2. Calculate p(h).
-15
Let s(i) = -3*i**2 + 11*i - 14. Let l(r) = r**2 - 4*r + 5. Let a(g) = 17*l(g) + 6*s(g). What is a(-3)?
-2
Let l(b) = -b**3 + 4*b**2 + 3*b + 5. Let c be l(5). Let m(h) = -h**2 - 2*h. Determine m(c).
-15
Let f(r) be the first derivative of -r**3/3 - 2*r**2 + r - 2. Determine f(-3).
4
Let p(u) be the third derivative of -u**6/120 - u**5/10 - u**4/4 - 4*u**2. Determine p(-4).
-8
Let s be 6 - 1/(-3 + 4). Let w(k) = -2*k - 13. Let t(x) = 3*x + 20. Let a(g) = s*t(g) + 8*w(g). Calculate a(-3).
-1
Let t(y) be the second derivative of y**3/6 + 2*y**2 + 8*y. Calculate t(-5).
-1
Let n(s) = 2*s + 1. Suppose -l - l + 9 = -g, 2*l - 4*g = -6. Suppose -8*h - 5 = -l*h. Determine n(h).
-9
Let r(o) = 3*o + 2*o + o + 2 - 5*o. Determine r(-3).
-1
Let q(r) = r**2 + 6*r + 5. Let v(p) = p - 10. Let y be v(4). Calculate q(y).
5
Let d(s) = s**2 + 7*s + 2. Let g be (-1)/(((-2)/14)/(-1)). Let t be d(g). Let a(x) = -x**2 + 0*x**t - x**3 + 2 + 5*x + 3*x**2. Calculate a(4).
-10
Let y(m) = 2*m - 6. Let t(d) = -d**2 + 0*d + 0*d + d + d**3 + 0*d**2. Let n be t(2). Calculate y(n).
6
Let c be (-1)/(-3)*(9 + 3). Let m = 7 - c. Let g(h) = -h - 1. Give g(m).
-4
Let w(h) = -h**2 - 5*h - 2. Let x be w(-5). Let g(t) = -t**2 - 6*t - 4. Let c be g(-4). Let i(s) = s + 0*s**2 - c + 4 + s**2. Determine i(x).
2
Suppose v - 33 = -5*y, 3*y - 3*v - v = 6. Let g be ((-2)/y)/(1/(-3)). Let j(z) = -g - 1 + 0 - z. Calculate j(0).
-2
Let r(d) be the third derivative of -d**8/20160 + d**7/720 - d**6/240 + d**5/15 + 3*d**2. Let n(j) be the third derivative of r(j). Calculate n(6).
3
Let u be ((-5)/(-5))/1*3 + 3. Let m(s) = -s**3 + 5*s**2 + 4*s + 7. Calculate m(u).
-5
Let j(s) = 6*s**2 - 6*s - 9. Let l(u) = -5*u**2 + 5*u + 9. Let n(r) = 6*j(r) + 7*l(r). Give n(0).
9
Let i(a) = -a**3 - a**2 + 5. Suppose -4*s = 2*w + 12, -9 = 3*w + 3*s - 0*s. Suppose w = 3*v + v. Give i(v).
5
Let g(p) be the first derivative of p**2/2 - 3*p + 2. Let y be g(0). Let d(k) = 3*k + 1. Let h(r) = 10*r + 3. Let z(l) = -21*d(l) + 6*h(l). Give z(y).
6
Let r(w) = w**2 - 12*w - 7. Let h be r(13). Let l(z) = 0*z + 3*z**2 - 7*z - h*z**2 + 2*z**2. What is l(-6)?
6
Let b(l) = l + 1. Let i(d) = d**2 + 5*d + 5. Let v be i(-5). Determine b(v).
6
Let t(n) = -2*n**3 - 1. Suppose -19 = -5*w - 14. Calculate t(w).
-3
Let o = 5 + -6. Let f(g) = 10*g**2 - 1. Give f(o).
9
Let w be (-473)/99 + (-4)/18. Let u(q) = q**2 + 7*q + 6. What is u(w)?
-4
Let v(o) = -2*o**3 + 2*o**2 + 2*o. Let p(y) = y. Let n(q) = -7*q - 4. Let l(c) = -n(c) - 6*p(c). Let z be l(-2). Give v(z).
-4
Let r = 10 - 6. Let k = r + -5. Let o(i) = 3*i. What is o(k)?
-3
Let f(a) = -2*a. Let v(s) = -7*s**3 - 2*s**2 - 3*s - 1. Let r be v(-1). What is f(r)?
-14
Suppose -2*d = -4*j + 24, -2*d - d + 2*j - 20 = 0. Let f = 2 + d. Let y(p) = 7*p + 2. Let g(m) = -6*m - 2. Let z(h) = 4*g(h) + 3*y(h). What is z(f)?
4
Suppose 3*n + 5*j - 5 = 0, -j = 2*n + j - 2. Suppose 13 = 5*i + t, 5*i - 21 = -n*t + 3*t. Let s(m) = 6 + m**3 + 0*m**2 - 6*m**2 + 2*m + i*m. Determine s(5).
6
Let r(g) = -2*g**2 - 3*g - 2. Let p be (-8)/(-28) + (-16)/7. Determine r(p).
-4
Let x(y) = -y**2 - 8*y. Let t = -16 + 8. What is x(t)?
0
Suppose 2*k - 5 = 3*r, -3*k - 3*r = -24 - 6. Let d(u) = -2*u + 4. Calculate d(k).
-10
Let p(m) = 6*m**2 - m. Let k(t) = 9*t**2 + 9*t - 9. Let o(v) = -5*v**2 - 5*v + 5. Let x(w) = -4*k(w) - 7*o(w). Let q be x(-2). Give p(q).
7
Let q = -4 - -8. Suppose -5*w + 2*p + 2 = -3, -q*w + 4*p = -16. Let z(a) = -3*a - 3*a + a. Give z(w).
5
Let l(g) = -g**3 + 5*g**2 - 3*g - 4. Let j(y) = 2*y - 8. Let w(u) = -u + 8. Let p(q) = -3*j(q) - 4*w(q). Let m be p(-6). Calculate l(m).
0
Let i(h) = -h**2 - 1 + 3*h + 3*h + 0. Suppose -m - 4*n - 16 = 0, -n = -5*n - 20. Determine i(m).
7
Let o(z) = z**2 - 6*z + 5. Let h = -43 - -51. Calculate o(h).
21
Let q(b) = 